{"id":2266,"date":"2021-11-26T19:47:45","date_gmt":"2021-11-26T19:47:45","guid":{"rendered":"https:\/\/lunaworld.blog\/?page_id=2266"},"modified":"2022-05-20T07:30:20","modified_gmt":"2022-05-20T07:30:20","slug":"blog","status":"publish","type":"page","link":"https:\/\/lunaworld.blog\/index.php\/blog\/","title":{"rendered":"Blog"},"content":{"rendered":"\t\t<div data-elementor-type=\"wp-page\" data-elementor-id=\"2266\" class=\"elementor elementor-2266\" data-elementor-post-type=\"page\">\n\t\t\t\t\t\t<section class=\"elementor-section elementor-top-section elementor-element elementor-element-89995ba elementor-section-boxed elementor-section-height-default elementor-section-height-default\" data-id=\"89995ba\" data-element_type=\"section\">\n\t\t\t\t\t\t<div class=\"elementor-container elementor-column-gap-default\">\n\t\t\t\t\t<div class=\"elementor-column elementor-col-100 elementor-top-column elementor-element elementor-element-7f5a90b\" data-id=\"7f5a90b\" data-element_type=\"column\">\n\t\t\t<div class=\"elementor-widget-wrap elementor-element-populated\">\n\t\t\t\t\t\t<div class=\"elementor-element elementor-element-b9d05a9 elementor-widget elementor-widget-text-editor\" data-id=\"b9d05a9\" data-element_type=\"widget\" data-widget_type=\"text-editor.default\">\n\t\t\t\t<div class=\"elementor-widget-container\">\n\t\t\t\t\t\t\t\t\t<h1><strong>Mein Blog in dem ich Dich mit erstaunlichen Artikeln und Geschichten \u00fcberraschen werde<\/strong><\/h1>\t\t\t\t\t\t\t\t<\/div>\n\t\t\t\t<\/div>\n\t\t\t\t\t<\/div>\n\t\t<\/div>\n\t\t\t\t\t<\/div>\n\t\t<\/section>\n\t\t\t\t<section class=\"elementor-section elementor-top-section elementor-element elementor-element-e014457 elementor-section-boxed elementor-section-height-default elementor-section-height-default\" data-id=\"e014457\" data-element_type=\"section\">\n\t\t\t\t\t\t<div class=\"elementor-container elementor-column-gap-default\">\n\t\t\t\t\t<div class=\"elementor-column elementor-col-100 elementor-top-column elementor-element elementor-element-01b349f\" data-id=\"01b349f\" data-element_type=\"column\">\n\t\t\t<div class=\"elementor-widget-wrap elementor-element-populated\">\n\t\t\t\t\t\t<section class=\"elementor-section elementor-inner-section elementor-element elementor-element-c137c24 elementor-section-boxed elementor-section-height-default elementor-section-height-default\" data-id=\"c137c24\" data-element_type=\"section\">\n\t\t\t\t\t\t<div class=\"elementor-container elementor-column-gap-default\">\n\t\t\t\t\t<div class=\"elementor-column elementor-col-50 elementor-inner-column elementor-element elementor-element-e791164\" data-id=\"e791164\" data-element_type=\"column\">\n\t\t\t<div class=\"elementor-widget-wrap elementor-element-populated\">\n\t\t\t\t\t\t<div class=\"elementor-element elementor-element-40f0b8c elementor-widget elementor-widget-text-editor\" data-id=\"40f0b8c\" data-element_type=\"widget\" data-widget_type=\"text-editor.default\">\n\t\t\t\t<div class=\"elementor-widget-container\">\n\t\t\t\t\t\t\t\t\t<h2>Burnout ist keine Schande<\/h2><p><em>\u00a0\u201eEine W\u00fcrzige Lebensgeschichte gespickt mit real erlebtem schwarzem Humor\u201c<\/em><\/p><p class=\"1Paragraph\"><span lang=\"DE\">Irgendetwas im Kopf sagte zu mir: Du bist nicht gut genug, so wie du bist. Mein Antrieb war von \u00e4u\u00dferen Glaubenss\u00e4tzen, Meinungen und dem Resultat meiner Gedanken gesteuert. Ich habe diese und meine Ansichten sehr intensiv verfolgt. <\/span><\/p><p>Mit meinem Buch m\u00f6chte ich dich auf eine unglaubliche Reise mitnehmen. Meine Lebensreise. Sie f\u00fchrte durch ein Labyrinth von Irrungen und Wirrungen. Mein Weg, der dir aufzeigt, wie ich die Turbulenzen \u00fcberlebt habe. Als Gefangener in diesem Tunnel der endlosen d\u00fcsteren Gedanken, gab es unter anderem nur noch die Wahl eines Suizides. Einen rettenden Ausstieg aus diesem Hamsterrad habe ich nur mit viel Gl\u00fcck geschafft. Das klingt alles sehr depressiv? Nein, es ist die Wahrheit, meine Wahrheit. R\u00fcckblickend eine unterhaltsame Story die weit ab von Normal ist. Ein Freund sagte: Wie \u00f6de ist mein Leben gegen deines! Meine Antwort: Du kannst gerne tauschen. Ohh Gott! Nein um keinen Preis. Widrigkeiten wurden selten 0815 gel\u00f6st. Kreativit\u00e4t im Momentum hat da sehr geholfen.<\/p><p><em>\u201e<\/em><em>Es ist immer eine Sache des Blickwinkels<\/em><em>\u201c<\/em><\/p><p><strong>Eine unglaubliche Odyssee mit Happyend<\/strong><\/p>\t\t\t\t\t\t\t\t<\/div>\n\t\t\t\t<\/div>\n\t\t\t\t\t<\/div>\n\t\t<\/div>\n\t\t\t\t<div class=\"elementor-column elementor-col-50 elementor-inner-column elementor-element elementor-element-8c7a7f5\" data-id=\"8c7a7f5\" data-element_type=\"column\">\n\t\t\t<div class=\"elementor-widget-wrap elementor-element-populated\">\n\t\t\t\t\t\t<div class=\"elementor-element elementor-element-1f9cc0f elementor-widget elementor-widget-image\" data-id=\"1f9cc0f\" data-element_type=\"widget\" data-widget_type=\"image.default\">\n\t\t\t\t<div class=\"elementor-widget-container\">\n\t\t\t\t\t\t\t\t\t\t\t\t\t\t\t\t<a href=\"https:\/\/www.amazon.de\/Burnout-ist-keine-Schande-Abgrund-ebook\/dp\/B088D69MWK\/ref=sr_1_4?__mk_de_DE=%C3%85M%C3%85%C5%BD%C3%95%C3%91&#038;dchild=1&#038;keywords=BURNOUT+IST+keine&#038;qid=1616501127&#038;s=digital-text&#038;sr=1-4\">\n\t\t\t\t\t\t\t<img fetchpriority=\"high\" decoding=\"async\" width=\"217\" height=\"346\" src=\"https:\/\/lunaworld.blog\/wp-content\/uploads\/2020\/05\/41AmI-I8pAL._SY346_.jpg\" class=\"attachment-2048x2048 size-2048x2048 wp-image-1092\" alt=\"\" srcset=\"https:\/\/lunaworld.blog\/wp-content\/uploads\/2020\/05\/41AmI-I8pAL._SY346_.jpg 217w, https:\/\/lunaworld.blog\/wp-content\/uploads\/2020\/05\/41AmI-I8pAL._SY346_-188x300.jpg 188w\" sizes=\"(max-width: 217px) 100vw, 217px\" \/>\t\t\t\t\t\t\t\t<\/a>\n\t\t\t\t\t\t\t\t\t\t\t\t\t\t\t<\/div>\n\t\t\t\t<\/div>\n\t\t\t\t\t<\/div>\n\t\t<\/div>\n\t\t\t\t\t<\/div>\n\t\t<\/section>\n\t\t\t\t\t<\/div>\n\t\t<\/div>\n\t\t\t\t\t<\/div>\n\t\t<\/section>\n\t\t\t\t<section class=\"elementor-section elementor-top-section elementor-element elementor-element-56ecad3 elementor-section-boxed elementor-section-height-default elementor-section-height-default\" data-id=\"56ecad3\" data-element_type=\"section\">\n\t\t\t\t\t\t<div class=\"elementor-container elementor-column-gap-default\">\n\t\t\t\t\t<div class=\"elementor-column elementor-col-16 elementor-top-column elementor-element elementor-element-c1c296e\" data-id=\"c1c296e\" data-element_type=\"column\">\n\t\t\t<div class=\"elementor-widget-wrap elementor-element-populated\">\n\t\t\t\t\t\t<div class=\"elementor-element elementor-element-0599f06 elementor-widget elementor-widget-text-editor\" data-id=\"0599f06\" data-element_type=\"widget\" data-widget_type=\"text-editor.default\">\n\t\t\t\t<div class=\"elementor-widget-container\">\n\t\t\t\t\t\t\t\t\t<h2><a href=\"https:\/\/lunaworld.blog\/index.php\/2022\/01\/10\/auszuege-aus-dem-text-burnout-ist-keine-schande\/\">Vorwort aus dem Buch lesen<\/a><\/h2>\t\t\t\t\t\t\t\t<\/div>\n\t\t\t\t<\/div>\n\t\t\t\t\t<\/div>\n\t\t<\/div>\n\t\t\t\t<div class=\"elementor-column elementor-col-16 elementor-top-column elementor-element elementor-element-b5e9464\" data-id=\"b5e9464\" data-element_type=\"column\">\n\t\t\t<div class=\"elementor-widget-wrap elementor-element-populated\">\n\t\t\t\t\t\t<div class=\"elementor-element elementor-element-d878bb4 elementor-widget elementor-widget-text-editor\" data-id=\"d878bb4\" data-element_type=\"widget\" data-widget_type=\"text-editor.default\">\n\t\t\t\t<div class=\"elementor-widget-container\">\n\t\t\t\t\t\t\t\t\t<h2><a href=\"https:\/\/lunaworld.blog\/index.php\/2022\/04\/02\/mein-erstes-trauma\/\">Mein erstes Trauma<\/a><\/h2>\t\t\t\t\t\t\t\t<\/div>\n\t\t\t\t<\/div>\n\t\t\t\t\t<\/div>\n\t\t<\/div>\n\t\t\t\t<div class=\"elementor-column elementor-col-16 elementor-top-column elementor-element elementor-element-f305270\" data-id=\"f305270\" data-element_type=\"column\">\n\t\t\t<div class=\"elementor-widget-wrap elementor-element-populated\">\n\t\t\t\t\t\t<div class=\"elementor-element elementor-element-e209a1f elementor-widget elementor-widget-text-editor\" data-id=\"e209a1f\" data-element_type=\"widget\" data-widget_type=\"text-editor.default\">\n\t\t\t\t<div class=\"elementor-widget-container\">\n\t\t\t\t\t\t\t\t\t<h1><a name=\"_Toc37957274\"><\/a><a href=\"https:\/\/lunaworld.blog\/index.php\/2022\/05\/20\/die-kinderjahre\/\"><span lang=\"DE\">Die Kinder- Jahre<\/span><\/a><\/h1>\t\t\t\t\t\t\t\t<\/div>\n\t\t\t\t<\/div>\n\t\t\t\t\t<\/div>\n\t\t<\/div>\n\t\t\t\t<div class=\"elementor-column elementor-col-16 elementor-top-column elementor-element elementor-element-c39cdd0\" data-id=\"c39cdd0\" data-element_type=\"column\">\n\t\t\t<div class=\"elementor-widget-wrap\">\n\t\t\t\t\t\t\t<\/div>\n\t\t<\/div>\n\t\t\t\t<div class=\"elementor-column elementor-col-16 elementor-top-column elementor-element elementor-element-8241756\" data-id=\"8241756\" data-element_type=\"column\">\n\t\t\t<div class=\"elementor-widget-wrap\">\n\t\t\t\t\t\t\t<\/div>\n\t\t<\/div>\n\t\t\t\t<div class=\"elementor-column elementor-col-16 elementor-top-column elementor-element elementor-element-6ce3865\" data-id=\"6ce3865\" data-element_type=\"column\">\n\t\t\t<div class=\"elementor-widget-wrap\">\n\t\t\t\t\t\t\t<\/div>\n\t\t<\/div>\n\t\t\t\t\t<\/div>\n\t\t<\/section>\n\t\t\t\t<section class=\"elementor-section elementor-top-section elementor-element elementor-element-04e4ae2 elementor-section-boxed elementor-section-height-default elementor-section-height-default\" data-id=\"04e4ae2\" data-element_type=\"section\">\n\t\t\t\t\t\t<div class=\"elementor-container elementor-column-gap-default\">\n\t\t\t\t\t<div class=\"elementor-column elementor-col-33 elementor-top-column elementor-element elementor-element-11e031e\" data-id=\"11e031e\" data-element_type=\"column\">\n\t\t\t<div class=\"elementor-widget-wrap elementor-element-populated\">\n\t\t\t\t\t\t\t<\/div>\n\t\t<\/div>\n\t\t\t\t<div class=\"elementor-column elementor-col-33 elementor-top-column elementor-element elementor-element-dd85099\" data-id=\"dd85099\" data-element_type=\"column\">\n\t\t\t<div class=\"elementor-widget-wrap elementor-element-populated\">\n\t\t\t\t\t\t\t<\/div>\n\t\t<\/div>\n\t\t\t\t<div class=\"elementor-column elementor-col-33 elementor-top-column elementor-element elementor-element-78fd596\" data-id=\"78fd596\" data-element_type=\"column\">\n\t\t\t<div class=\"elementor-widget-wrap elementor-element-populated\">\n\t\t\t\t\t\t\t<\/div>\n\t\t<\/div>\n\t\t\t\t\t<\/div>\n\t\t<\/section>\n\t\t\t\t<\/div>\n\t\t","protected":false},"excerpt":{"rendered":"<p>Mein Blog in dem ich Dich mit erstaunlichen Artikeln und Geschichten \u00fcberraschen werde Burnout ist keine Schande \u00a0\u201eEine W\u00fcrzige Lebensgeschichte gespickt mit real erlebtem schwarzem Humor\u201c Irgendetwas im Kopf sagte [&hellip;]<\/p>\n","protected":false},"author":1,"featured_media":1872,"parent":0,"menu_order":0,"comment_status":"closed","ping_status":"closed","template":"elementor_header_footer","meta":{"footnotes":""},"class_list":["post-2266","page","type-page","status-publish","has-post-thumbnail","hentry"],"_links":{"self":[{"href":"https:\/\/lunaworld.blog\/index.php\/wp-json\/wp\/v2\/pages\/2266","targetHints":{"allow":["GET"]}}],"collection":[{"href":"https:\/\/lunaworld.blog\/index.php\/wp-json\/wp\/v2\/pages"}],"about":[{"href":"https:\/\/lunaworld.blog\/index.php\/wp-json\/wp\/v2\/types\/page"}],"author":[{"embeddable":true,"href":"https:\/\/lunaworld.blog\/index.php\/wp-json\/wp\/v2\/users\/1"}],"replies":[{"embeddable":true,"href":"https:\/\/lunaworld.blog\/index.php\/wp-json\/wp\/v2\/comments?post=2266"}],"version-history":[{"count":112,"href":"https:\/\/lunaworld.blog\/index.php\/wp-json\/wp\/v2\/pages\/2266\/revisions"}],"predecessor-version":[{"id":3725,"href":"https:\/\/lunaworld.blog\/index.php\/wp-json\/wp\/v2\/pages\/2266\/revisions\/3725"}],"wp:featuredmedia":[{"embeddable":true,"href":"https:\/\/lunaworld.blog\/index.php\/wp-json\/wp\/v2\/media\/1872"}],"wp:attachment":[{"href":"https:\/\/lunaworld.blog\/index.php\/wp-json\/wp\/v2\/media?parent=2266"}],"curies":[{"name":"wp","href":"https:\/\/api.w.org\/{rel}","templated":true}]}}