{"id":234,"date":"2020-02-02T15:47:27","date_gmt":"2020-02-02T15:47:27","guid":{"rendered":"https:\/\/lunaworld.blog\/?page_id=234"},"modified":"2025-11-21T19:02:27","modified_gmt":"2025-11-21T19:02:27","slug":"zitate","status":"publish","type":"page","link":"https:\/\/lunaworld.blog\/index.php\/zitate\/","title":{"rendered":"Zitate"},"content":{"rendered":"\t\t<div data-elementor-type=\"wp-page\" data-elementor-id=\"234\" class=\"elementor elementor-234\" data-elementor-post-type=\"page\">\n\t\t\t\t\t\t<section class=\"elementor-section elementor-top-section elementor-element elementor-element-d0af04a elementor-section-full_width elementor-section-height-default elementor-section-height-default\" data-id=\"d0af04a\" data-element_type=\"section\">\n\t\t\t\t\t\t<div class=\"elementor-container elementor-column-gap-default\">\n\t\t\t\t\t<div class=\"elementor-column elementor-col-100 elementor-top-column elementor-element elementor-element-b175010\" data-id=\"b175010\" data-element_type=\"column\">\n\t\t\t<div class=\"elementor-widget-wrap elementor-element-populated\">\n\t\t\t\t\t\t<div class=\"elementor-element elementor-element-159534e elementor-widget__width-inherit elementor-widget elementor-widget-text-editor\" data-id=\"159534e\" data-element_type=\"widget\" data-widget_type=\"text-editor.default\">\n\t\t\t\t<div class=\"elementor-widget-container\">\n\t\t\t\t\t\t\t\t\t<h1><strong>\u00a0 \u00a0 \u00a0 \u00a0 \u00a0<\/strong><\/h1>\n<h1><strong>\u00a0 \u00a0 \u00a0 \u00a0 \u00a0 \u00a0 \u00a0 \u00a0Meine Gedanken in Zitate gefasst<\/strong><\/h1>\n<p>\u00a0<\/p>\t\t\t\t\t\t\t\t<\/div>\n\t\t\t\t<\/div>\n\t\t\t\t\t<\/div>\n\t\t<\/div>\n\t\t\t\t\t<\/div>\n\t\t<\/section>\n\t\t\t\t<section class=\"elementor-section elementor-top-section elementor-element elementor-element-70f1baa elementor-section-boxed elementor-section-height-default elementor-section-height-default\" data-id=\"70f1baa\" data-element_type=\"section\">\n\t\t\t\t\t\t<div class=\"elementor-container elementor-column-gap-default\">\n\t\t\t\t\t<div class=\"elementor-column elementor-col-50 elementor-top-column elementor-element elementor-element-e5d42fa\" data-id=\"e5d42fa\" data-element_type=\"column\">\n\t\t\t<div class=\"elementor-widget-wrap elementor-element-populated\">\n\t\t\t\t\t\t<div class=\"elementor-element elementor-element-7c02b52 elementor-widget elementor-widget-image\" data-id=\"7c02b52\" data-element_type=\"widget\" data-widget_type=\"image.default\">\n\t\t\t\t<div class=\"elementor-widget-container\">\n\t\t\t\t\t\t\t\t\t\t\t\t\t\t\t<img fetchpriority=\"high\" decoding=\"async\" width=\"640\" height=\"233\" src=\"https:\/\/lunaworld.blog\/wp-content\/uploads\/2020\/01\/cropped-default-header-1024x372.jpg\" class=\"attachment-large size-large wp-image-167\" alt=\"\" srcset=\"https:\/\/lunaworld.blog\/wp-content\/uploads\/2020\/01\/cropped-default-header-1024x372.jpg 1024w, https:\/\/lunaworld.blog\/wp-content\/uploads\/2020\/01\/cropped-default-header-300x109.jpg 300w, https:\/\/lunaworld.blog\/wp-content\/uploads\/2020\/01\/cropped-default-header-768x279.jpg 768w, https:\/\/lunaworld.blog\/wp-content\/uploads\/2020\/01\/cropped-default-header-1536x559.jpg 1536w, https:\/\/lunaworld.blog\/wp-content\/uploads\/2020\/01\/cropped-default-header.jpg 1600w\" sizes=\"(max-width: 640px) 100vw, 640px\" \/>\t\t\t\t\t\t\t\t\t\t\t\t\t\t\t<\/div>\n\t\t\t\t<\/div>\n\t\t\t\t\t<\/div>\n\t\t<\/div>\n\t\t\t\t<div class=\"elementor-column elementor-col-50 elementor-top-column elementor-element elementor-element-aac0442\" data-id=\"aac0442\" data-element_type=\"column\">\n\t\t\t<div class=\"elementor-widget-wrap elementor-element-populated\">\n\t\t\t\t\t\t<div class=\"elementor-element elementor-element-5c69975 elementor-widget elementor-widget-text-editor\" data-id=\"5c69975\" data-element_type=\"widget\" data-widget_type=\"text-editor.default\">\n\t\t\t\t<div class=\"elementor-widget-container\">\n\t\t\t\t\t\t\t\t\t<p>Philosophien und\u00a0 Sprichw\u00f6rter sind Wortspiele, die versuchen unerkl\u00e4rbares oder Erkenntnisse greifbar zu formulieren. Es ist eine Ausdrucksweise die man als Gedankenst\u00fctzen verwenden kann. Es sollte aber nie unser Ziel sein diese S\u00e4tze als Glaubenss\u00e4tze zu verinnerlichen. Wenn wir das tun, werden wir gefangene von dem, was die Philosophien genau nicht wollen. Sie stehen f\u00fcr Inspiration aber niemals f\u00fcr das reine Wissen.<\/p>\t\t\t\t\t\t\t\t<\/div>\n\t\t\t\t<\/div>\n\t\t\t\t\t<\/div>\n\t\t<\/div>\n\t\t\t\t\t<\/div>\n\t\t<\/section>\n\t\t\t\t<section class=\"elementor-section elementor-top-section elementor-element elementor-element-7e0bf0a elementor-section-boxed elementor-section-height-default elementor-section-height-default\" data-id=\"7e0bf0a\" data-element_type=\"section\">\n\t\t\t\t\t\t<div class=\"elementor-container elementor-column-gap-default\">\n\t\t\t\t\t<div class=\"elementor-column elementor-col-100 elementor-top-column elementor-element elementor-element-ae8793f\" data-id=\"ae8793f\" data-element_type=\"column\">\n\t\t\t<div class=\"elementor-widget-wrap elementor-element-populated\">\n\t\t\t\t\t\t<div class=\"elementor-element elementor-element-1b8dac3 elementor-widget elementor-widget-text-editor\" data-id=\"1b8dac3\" data-element_type=\"widget\" data-widget_type=\"text-editor.default\">\n\t\t\t\t<div class=\"elementor-widget-container\">\n\t\t\t\t\t\t\t\t\t<h2><strong>Ich danke dir f\u00fcr das Lesen meiner Zitate. M\u00f6gen diese Inspirationen f\u00fcr deine Lebenswege sein.<\/strong><\/h2>\t\t\t\t\t\t\t\t<\/div>\n\t\t\t\t<\/div>\n\t\t\t\t\t<\/div>\n\t\t<\/div>\n\t\t\t\t\t<\/div>\n\t\t<\/section>\n\t\t\t\t<section class=\"elementor-section elementor-top-section elementor-element elementor-element-c29fc7e elementor-section-boxed elementor-section-height-default elementor-section-height-default\" data-id=\"c29fc7e\" data-element_type=\"section\">\n\t\t\t\t\t\t<div class=\"elementor-container elementor-column-gap-default\">\n\t\t\t\t\t<div class=\"elementor-column elementor-col-100 elementor-top-column elementor-element elementor-element-264fbcb0\" data-id=\"264fbcb0\" data-element_type=\"column\">\n\t\t\t<div class=\"elementor-widget-wrap elementor-element-populated\">\n\t\t\t\t\t\t<div class=\"elementor-element elementor-element-c756f7f elementor-widget elementor-widget-text-editor\" data-id=\"c756f7f\" data-element_type=\"widget\" data-widget_type=\"text-editor.default\">\n\t\t\t\t<div class=\"elementor-widget-container\">\n\t\t\t\t\t\t\t\t\t<h4><strong><span style=\"font-size: 18pt;\">Thomas Caspar 2020<\/span><\/strong><\/h4>\n<h4>Die einzige Perfektion die es gibt, bist Du.<\/h4>\n<h4><strong><span style=\"font-size: 18pt;\">Thomas Caspar 2020<\/span><\/strong><\/h4>\n<h4>Wirkliche st\u00e4rke erzeugen Menschen und Dinge, die dich bedingungslos erf\u00fcllen und weiter im Leben begleiten. Diese m\u00fcssen nicht etwas pr\u00e4sentieren und repr\u00e4sentieren<\/h4>\n<h3><strong><span style=\"font-size: 18pt;\"><em>Thomas Caspar 2020<\/em><\/span><\/strong><\/h3>\n<h4><em>Die meiste Lebenszeit verliert man, wenn man Zeit zu gewinnen versucht.<\/em><\/h4>\n<h3><strong><span style=\"font-size: 18pt;\"><em>Thomas Caspar 2020<\/em><\/span><\/strong><\/h3>\n<h4><em>Erkenne die M\u00f6glichkeiten in diesem Hamsterrad, festklammern an der Situation bringt nichts.<\/em><\/h4>\n<h3><strong><span style=\"font-size: 18pt;\"><em>Thomas Caspar 2020<\/em><\/span><\/strong><\/h3>\n<h4>Wir haben eine Wahl, alles zu tun was mir m\u00f6chten. Die meisten Leute tun alles, um zu vermeiden das sie Ver\u00e4nderung erfahren. Sie lenken sich lieber ab und meinen da kann man nicht,s dagegen tun.\u00a0<\/h4>\n<h3><strong><span style=\"font-size: 18pt;\"><em>Thomas Caspar 2020<\/em><\/span><\/strong><\/h3>\n<h4>Entt\u00e4uschungen sind dazu da, um an Ihnen zu wachsen und nicht daran zu zerbrechen.<\/h4>\n<h3><strong><span style=\"font-size: 18pt;\"><em>Thomas Caspar 2020<\/em><\/span><\/strong><\/h3>\n<h4>Jeder Mensch ist ein Universum. Du kannst darin alles finden von Achtsamkeit bis Zerst\u00f6rung. Entscheide dich f\u00fcr das Sein und Du wirst Deine Bestimmung finden.\u00a0<\/h4>\n<h3><strong><span style=\"font-size: 18pt;\">Thomas Caspar 2020<\/span><\/strong><\/h3>\n<h4><em>Zu fallen, ist nicht schlimm, danach nicht mehr aufzustehen, das ist schlimm.<\/em><\/h4>\n<h4><strong><span style=\"font-size: 18pt;\">Thomas Caspar 2020<\/span><\/strong><\/h4>\n<h4>Alle Gedanken lenken Dich von Deinem Wesen ab.<\/h4>\n<h4><strong><span style=\"font-size: 18pt;\">Thomas Caspar 2020<\/span><\/strong><\/h4>\n<h4>Raum und Zeit sind die Fesseln, in denen wir Gefangene unseres wahren ich,s sind.\u00a0<\/h4>\n<h4><strong><span style=\"font-size: 18pt;\">Thomas Caspar 2020<\/span><\/strong><\/h4>\n<h4><em>Wenn man das eine dem anderen vorzieht, sieht man nicht, was man vor Augen hat.<\/em><\/h4>\n<h3><strong><span style=\"font-size: 18pt;\">Thomas Caspar 2021<\/span><\/strong><\/h3>\n<h4>Der Flow ist, was Du bist.<\/h4>\n<h4><strong><span style=\"font-size: 18pt;\">Thomas Caspar 2021<\/span><\/strong><\/h4>\n<h4>Nichts ist alles, alles ist im Nichts.<\/h4>\n<h4><strong><span style=\"font-size: 18pt;\">Thomas Caspar 2021<\/span><\/strong><\/h4>\n<p><!-- \/wp:paragraph --><!-- wp:paragraph --><!-- \/wp:paragraph --><!-- wp:paragraph --><\/p>\n<h4>Erschaffe Deine Lebensquelle, eine Quelle voller Liebe und Inspiration.<\/h4>\n<h4><strong><span style=\"font-size: 18pt;\">Thomas Caspar 2021<\/span><\/strong><\/h4>\n<h4>Das Problem sind Deine Gedanken, Du hast vergessen, dass Dein Geist eine Bedienungsanleitung bereit h\u00e4lt.<\/h4>\n<h4><strong><span style=\"font-size: 18pt;\">Thomas Caspar 2021<\/span><\/strong><\/h4>\n<div>\n<h4>Karma kreiert man nicht, Du bist Karma.<\/h4>\n<h4><strong><span style=\"font-size: 18pt;\">Thomas Caspar 2021<\/span><\/strong><\/h4>\n<h4>W\u00e4hrend die Menschheit versucht zu \u00fcberleben, solltest Du dich daf\u00fcr entscheiden, aufzubl\u00fchen.<\/h4>\n<h4><strong><span style=\"font-size: 18pt;\">Thomas Caspar 2021<\/span><\/strong><\/h4>\n<div>\n<h4>Liebe ist das, wof\u00fcr Du sie haltest.<\/h4>\n<h4><strong><span style=\"font-size: 18pt;\">Thomas Caspar 2021<\/span><\/strong><\/h4>\n<h4>Wir geben dem Anfang und dem Ende so viel Raum und schenken dem pr\u00e4sent so wenig Platz.<\/h4>\n<h4><strong><span style=\"font-size: 18pt;\">Thomas Caspar 2022<\/span><\/strong><\/h4>\n<h4>Als sich zum ersten mal Deine Augen ge\u00f6ffnet haben, lag das Nirvana vor Dir, alles war Perfekt, Sie gaben Dir Informationen, um zu vergessen wer Du wirklich bist.<\/h4>\n<h4><strong><span style=\"font-size: 18pt;\">Thomas Caspar 2022<\/span><\/strong><\/h4>\n<h4>Nur Narren wollen unsterblich sein.<\/h4>\n<h4><strong><span style=\"font-size: 18pt;\">Thomas Caspar 2022<\/span><\/strong><\/h4>\n<h4>Das Leben findest Du nicht im Aussen, es steck in Dir.<\/h4>\n<h4><strong><span style=\"font-size: 18pt;\">Thomas Caspar 2022<\/span><\/strong><\/h4>\n<h4>Liebe ist wie eine Droge, sie l\u00e4sst uns fliegen und hart landen.<\/h4>\n<h4><strong><span style=\"font-size: 18pt;\">Thomas Caspar 2022<\/span><\/strong><\/h4>\n<h4>Du brauchst keine Lehrer, die Antworten schlummern in Dir.<\/h4>\n<h4><strong><span style=\"font-size: 18pt;\">Thomas Caspar 2022<\/span><\/strong><\/h4>\n<h4>Edel sind die Menschen, die Dich lassen, so wie Du bist.\u00a0<\/h4>\n<h4><strong><span style=\"font-size: 18pt;\">Thomas Caspar 2022<\/span><\/strong><\/h4>\n<h4>Gef\u00fchle und Gedanken k\u00f6nnen Dich nur so fest befangen, wie Du ihnen Energie schenkst.<\/h4>\n<h4><strong><span style=\"font-size: 18pt;\">Thomas Caspar 2022<\/span><\/strong><\/h4>\n<h4><em>Kein Ratgeber, Kurs, Guru oder was auch immer sind so m\u00e4chtig und allwissend, wie Dein inneres Universum.<\/em><\/h4>\n<h4><strong><span style=\"font-size: 18pt;\">Thomas Caspar 2022<\/span><\/strong><\/h4>\n<h4>In der Stille zu Sein sein, ist nicht gleich funktionslos.<\/h4>\n<h4><strong><span style=\"font-size: 18pt;\">Thomas Caspar 2022<\/span><\/strong><\/h4>\n<h4>Die Menschen verhalten sich wie Gummib\u00e4lle, Sie springen von einer Ablenkung zu der N\u00e4chsten.<\/h4>\n<h4><strong><span style=\"font-size: 18pt;\">Thomas Caspar 2022<\/span><\/strong><\/h4>\n<h4>Sobald Du geboren wurdest wird Dir eingeredet vor was Du Angst haben solltest, hattest Du Angst geboren zu werden.<\/h4>\n<h4><strong><span style=\"font-size: 18pt;\">Thomas Caspar 2022<\/span><\/strong><\/h4>\n<h4>Wir m\u00fcssen nichts, ausser eines Tages sterben. Ist der Gedanke an den Tod so schrecklich, dass er dich vom Leben abh\u00e4lt.<\/h4>\n<h4><strong><span style=\"font-size: 18pt;\">Thomas Caspar 2022<\/span><\/strong><\/h4>\n<h4>Egal ob die Erde rund oder flach ist, wir haben den Respekt verloren und tun so, als sei alles in Ordnung.<\/h4>\n<h4><strong><span style=\"font-size: 18pt;\">Thomas Caspar 2022<\/span><\/strong><\/h4>\n<h4>Hoffnung ist eine Ausrede, damit wir hinter dieser\u00a0 unsere Handlungen verstecken k\u00f6nnen.<\/h4>\n<h4><strong><span style=\"font-size: 18pt;\">Thomas Caspar 2022<\/span><\/strong><\/h4>\n<h4>\u00c4ngste sind unsere Freunde und unsere Feinde, zu oft erkennen wir den Unterschied nicht.<\/h4>\n<h4><strong><span style=\"font-size: 18pt;\">Thomas Caspar 2022<\/span><\/strong><\/h4>\n<h4>Selbsterkenntnis ist, wenn man alles losl\u00e4sst.<\/h4>\n<h4><strong><span style=\"font-size: 18pt;\">Thomas Caspar 2022<\/span><\/strong><\/h4>\n<h4>Es gibt nichts zu bek\u00e4mpfen, bek\u00e4mpfen tun wir nur, weil wir beeinflusst werden. W\u00fcrden wir bei uns bleiben, hat die Beeinflussung keine Macht \u00fcber unser Wesen und w\u00fcrden nichts bek\u00e4mpfen.<\/h4>\n<h4><strong><span style=\"font-size: 18pt;\">Thomas Caspar 2022<\/span><\/strong><\/h4>\n<h4>Liebe n\u00e4hrt Dich von innen, das \u00c4ussere ist die S\u00fc\u00dfspeise.<\/h4>\n<h4><strong><span style=\"font-size: 18pt;\">Thomas Caspar 2022<\/span><\/strong><\/h4>\n<h4>Es lohnt sich durchzuhalten, \u00c4ngste und Versagen zu erleben, die haben diese Dinge erst erm\u00f6glicht.<\/h4>\n<h4><strong><span style=\"font-size: 18pt;\">Thomas Caspar 2022<\/span><\/strong><\/h4>\n<h4>Wir haben schon tausendfach vertraut, oft wurden wir entt\u00e4uscht. Wir hatten unertr\u00e4gliche Schmerzen. Unser Lebenswille und die Lichtvollen Momente haben in uns die Kraft entfacht, in der alle Zweifel erloschen.<\/h4>\n<h4><strong><span style=\"font-size: 18pt;\">Thomas Caspar 2022<\/span><\/strong><\/h4>\n<h4>Vergesse alle Selbstzweifel, \u00fcbernimm Verantwortung und stecke Ziele. Wenn wir diese erreicht haben, wird man feststellen, dass alle Bedenken sinnlos waren.\u00a0<\/h4>\n<h4><strong><span style=\"font-size: 18pt;\">Thomas Caspar 2022<\/span><\/strong><\/h4>\n<h4>Wenn uns etwas triggert, ist etwas nicht verarbeitet.<\/h4>\n<h4><strong><span style=\"font-size: 18pt;\">Thomas Caspar 2022<\/span><\/strong><\/h4>\n<h4>Wir m\u00fcssen nicht nach dem Lebenssinn suchen, er ist schon l\u00e4ngst da. Wir haben vergessen wie es angenommen wird.<\/h4>\n<h4><strong><span style=\"font-size: 18pt;\">Thomas Caspar 2022<\/span><\/strong><\/h4>\n<h4>Leben mit den Elementen<\/h4>\n<h4>Wer nie durch das Feuer geht, weis nicht wie es ist f\u00fcr etwas zu brennen.\u00a0 \u00a0 \u00a0 \u00a0 \u00a0 \u00a0 \u00a0 \u00a0 \u00a0 \u00a0 \u00a0 \u00a0 \u00a0 \u00a0 \u00a0 \u00a0 \u00a0 \u00a0 \u00a0 \u00a0 \u00a0 \u00a0 \u00a0 \u00a0 \u00a0 \u00a0 Wer nie ins Wasser springt, weis nicht wie es ist im Fluss zu schwimmen.\u00a0 \u00a0 \u00a0 \u00a0 \u00a0 \u00a0 \u00a0 \u00a0 \u00a0 \u00a0 \u00a0 \u00a0 \u00a0 \u00a0 \u00a0 \u00a0 \u00a0 \u00a0 \u00a0 \u00a0 \u00a0 \u00a0 \u00a0 \u00a0 \u00a0 \u00a0 Wer nie in der Erde gr\u00e4bt und einen Samen s\u00e4t, weis nicht wie etwas w\u00e4chst.\u00a0 \u00a0 \u00a0 \u00a0 \u00a0 \u00a0 \u00a0 \u00a0 \u00a0 \u00a0 \u00a0 \u00a0 \u00a0 \u00a0 \u00a0 \u00a0 \u00a0 \u00a0 \u00a0 \u00a0 \u00a0 \u00a0 \u00a0 \u00a0 Wer nie den Sturm durchquert, weis nicht wie es ist zu fliegen.<\/h4>\n<h4><strong><span style=\"font-size: 18pt;\">Thomas Caspar 2022<\/span><\/strong><\/h4>\n<h4>Wenn die Liebe fliesst, kann man alles annehmen.<\/h4>\n<h4><strong><span style=\"font-size: 18pt;\">Thomas Caspar 2022<\/span><\/strong><\/h4>\n<h4>Geben wir auf, kann auch nicht erwartet werden, dass etwas zu uns kommt.<\/h4>\n<h4><strong><span style=\"font-size: 18pt;\">Thomas Caspar 2022<\/span><\/strong><\/h4>\n<h4>Im Leben ist es nicht wichtig viel Materielles zu besitzen, denn diese Dinge besitzen uns.<\/h4>\n<h4><strong><span style=\"font-size: 18pt;\">Thomas Caspar 2022<\/span><\/strong><\/h4>\n<h4>Eines mit Liebe erf\u00fclltem Herzen, ist st\u00e4rker als alle unsere Gedanken.<\/h4>\n<h4><strong><span style=\"font-size: 18pt;\">Thomas Caspar 2022<\/span><\/strong><\/h4>\n<h4>Wer unsere Loyalit\u00e4t und Liebe ausn\u00fctzt, ist ein Hilfesuchender. Wer unsere Eigenschaften respektiert und sch\u00e4tzt, dass sind die wahren Freunde.<\/h4>\n<h4><strong><span style=\"font-size: 18pt;\">Thomas Caspar 2022<\/span><\/strong><\/h4>\n<h4>Lebensknoten sind die Punkte an welchen gearbeitet werden kann, entknote sie und werde ein Befreiter Deiner Fesseln.<\/h4>\n<h4><strong><span style=\"font-size: 18pt;\">Thomas Caspar 2022<\/span><\/strong><\/h4>\n<h4>Wir sind Natur. Wir haben vergessen das wir mit Ihr verbunden sind und sagen das wir verlorene sind. Wenn wir uns mit der Natur verbinden, so wie es schon immer war, dann erkennen wir das wir eins mit allem sind.<\/h4>\n<h4><strong><span style=\"font-size: 18pt;\">Thomas Caspar 2022<\/span><\/strong><\/h4>\n<h4>Unsere Falten im Gesicht sind nicht das \u00e4lter werden, sondern unsere einzigartigen Lebensgeschichten. Botoxe oder Creme diese nicht weg, es ist der Spiegel unseres wunderbaren Wesens, welches gesehen werden m\u00f6chte.<\/h4>\n<h4><strong><span style=\"font-size: 18pt;\">Thomas Caspar 2022<\/span><\/strong><\/h4>\n<h4>Menschen, die uns verletzen sind unser nicht w\u00fcrdig. Lasse Sie ziehen und verschwende keinen Gedanken an Sie.<\/h4>\n<h4><strong><span style=\"font-size: 18pt;\">Thomas Caspar 2022<\/span><\/strong><\/h4>\n<h4>Es ist Dein Leben. Respektvoll und mit Liebe kannst Du tun und lassen was Du willst.<\/h4>\n<h4><strong><span style=\"font-size: 18pt;\">Thomas Caspar 2022<\/span><\/strong><\/h4>\n<h4>Klopfe Dir auch mal selbst auf die Schulter und adle Dich f\u00fcr Deine guten Taten. Ab und zu etwas Eigenlob ist nicht verkehrt, es wir oft mit Ego verwechselt.<\/h4>\n<h4><strong><span style=\"font-size: 18pt;\">Thomas Caspar 2022<\/span><\/strong><\/h4>\n<h4>Alles beginnt in Deinem Kopf, kein Ratgeber oder was es auch immer sein m\u00f6ge ist so m\u00e4chtig wie Dein Bewusstsein, verkn\u00fcpfe es mit deinen Gedanken, verbinde es mit deinem Tun um es umzusetzen.<\/h4>\n<h4><strong><span style=\"font-size: 18pt;\">Thomas Caspar 2022<\/span><\/strong><\/h4>\n<h4>Transformation findet im Ver\u00e4ndern des Blickwinkels statt, achte auf das, was wir gerade als Negatives abgespeichert haben.<\/h4>\n<h4><strong><span style=\"font-size: 18pt;\">Thomas Caspar 2022<\/span><\/strong><\/h4>\n<h4>Verurteile nie etwas was du nicht kennst, Unkenntnis verleitet zu Angst und Angst ist ein schlechter Informant.<\/h4>\n<h4><strong><span style=\"font-size: 18pt;\">Thomas Caspar 2022<\/span><\/strong><\/h4>\n<h4>Oft sind wir Eingebildete Verirrte, die in unserem eigenen Konstrukt gefangen sind.<\/h4>\n<h4><strong><span style=\"font-size: 18pt;\">Thomas Caspar 2022<\/span><\/strong><\/h4>\n<h4>Heuchlerei f\u00fchrt Dich in die Versuchung, etwas zu erschleichen, was Dir nicht zusteht.<\/h4>\n<h4><strong><span style=\"font-size: 18pt;\">Thomas Caspar 2022<\/span><\/strong><\/h4>\n<h4>Innere St\u00e4rke ist, wenn Du Deine Fehler erkennst und Dich daf\u00fcr entschuldigen kannst.<\/h4>\n<h4><strong><span style=\"font-size: 18pt;\">Thomas Caspar 2022<\/span><\/strong><\/h4>\n<h4>Wer sich selbst gen\u00fcgt, muss nicht stetig versuchen alles und andere ver\u00e4ndern zu wollen, damit es uns passt.<\/h4>\n<h4><strong><span style=\"font-size: 18pt;\">Thomas Caspar 2022<\/span><\/strong><\/h4>\n<h4>Mangel ist eine T\u00e4uschung in unserem Verstand und hat nichts mit der Realit\u00e4t zu tun.<\/h4>\n<h4><strong><span style=\"font-size: 18pt;\">Thomas Caspar 2022<\/span><\/strong><\/h4>\n<h4>Wer behaupten er verf\u00fcge \u00fcber Wissen, ist ein Gefangener seiner angesammelten Informationen.<\/h4>\n<h4><strong><span style=\"font-size: 18pt;\">Thomas Caspar 2022<\/span><\/strong><\/h4>\n<h4>In der Liebe steckt die Kraft alles zu ver\u00e4ndern.<\/h4>\n<h4><strong><span style=\"font-size: 18pt;\">Thomas Caspar 2022<\/span><\/strong><\/h4>\n<h4>Wer keine Zeit mit sich selbst verbringen kann, ist ein verlorener seiner Gedanken.<\/h4>\n<h4><strong><span style=\"font-size: 18pt;\">Thomas Caspar 2022<\/span><\/strong><\/h4>\n<h4>Liebeskummer ist nicht da, um uns zu zerst\u00f6ren. Der Schmerz ist nur der Ausdruck deiner Liebe. Erkenne in dieser Zeit die M\u00f6glichkeit zur Transformation, danach wird dein Licht neue Liebespfade beleuchten.<\/h4>\n<h4><strong><span style=\"font-size: 18pt;\">Thomas Caspar 2022<\/span><\/strong><\/h4>\n<h4>Wenn ich mich auf etwas einlasse, geht es nicht darum, ob ich etwas gewinne oder verlieren k\u00f6nnte.<\/h4>\n<h4><strong><span style=\"font-size: 18pt;\">Thomas Caspar 2022<\/span><\/strong><\/h4>\n<h4>Wer in Angst und Zweifel etwas zul\u00e4sst, muss sich nicht verwundern, wenn er das erntet.<\/h4>\n<h4><strong><span style=\"font-size: 18pt;\">Thomas Caspar 2022<\/span><\/strong><\/h4>\n<h4>Um was geht es im Leben? Ich w\u00fcrde sagen, es geht um das was dir wichtig ist und nicht um das was die anderen von dir wollen.<\/h4>\n<h4><strong><span style=\"font-size: 18pt;\">Thomas Caspar 2022<\/span><\/strong><\/h4>\n<h4>Mit Geld kann man Materielles erreichen. Mit Geld wirst du nie die Erf\u00fcllung erfahren.<\/h4>\n<h4><strong><span style=\"font-size: 18pt;\">Thomas Caspar 2022<\/span><\/strong><\/h4>\n<h4>Nur weil etwas einmal so geschehen ist, muss sich dies nicht zwangsl\u00e4ufig wiederholen.<\/h4>\n<h4><strong><span style=\"font-size: 18pt;\">Thomas Caspar 2022<\/span><\/strong><\/h4>\n<h4>Vor lauter Getriebenheit finden wir keine Zeit zum Nachdenken.<\/h4>\n<h4><strong><span style=\"font-size: 18pt;\">Thomas Caspar 2022<\/span><\/strong><\/h4>\n<h4>Wer gen\u00e4hrt von \u00c4ngsten ist, reit ein Komplex an den anderen. Komplexe sind die Narren unserer Annahmen, welche sich meistens als Luftschl\u00f6sser unserer Gedanken entpuppen.<\/h4>\n<h4><strong><span style=\"font-size: 18pt;\">Thomas Caspar 2022<\/span><\/strong><\/h4>\n<h4>Bildung und Informationen sind nur relevant, wenn wir auch Verantwortung \u00fcbernehmen.<\/h4>\n<h4><strong><span style=\"font-size: 18pt;\">Thomas Caspar 2022<\/span><\/strong><\/h4>\n<h4>Wenn wir aufh\u00f6ren zu lernen, bedeutet es den Niedergang unserer Entwicklung.<\/h4>\n<h4><strong><span style=\"font-size: 18pt;\">Thomas Caspar 2022<\/span><\/strong><\/h4>\n<h4>Die Vergangenheit als Definition der Wahrheit anzunehmen, scheint nicht gerade intelligent zu sein.<\/h4>\n<h4><strong><span style=\"font-size: 18pt;\">Thomas Caspar 2023<\/span><\/strong><\/h4>\n<div>\n<h4>Illusionen vernichten dein Potenzial.<\/h4>\n<h4><strong><span style=\"font-size: 18pt;\">Thomas Caspar 2023<\/span><\/strong><\/h4>\n<div>\n<h4>Respektiere die Vergangenheit, aber lasse dich von dieser nicht die Zukunft verbauen.\u00a0<\/h4>\n<h4><strong><span style=\"font-size: 18pt;\">Thomas Caspar 2023<\/span><\/strong><\/h4>\n<\/div>\n<div>\n<h4>Emotionen sind die Leithammel unserer Erinnerung.<\/h4>\n<h4><strong><span style=\"font-size: 18pt;\">Thomas Caspar 2023<\/span><\/strong><\/h4>\n<h4>K\u00fcsse deine Muse und sie l\u00e4sst deine Kreativit\u00e4t sprudeln.<\/h4>\n<h4><strong><span style=\"font-size: 18pt;\">Thomas Caspar 2023<\/span><\/strong><\/h4>\n<h4>Wer tr\u00e4umt, verschl\u00e4ft nie sein Leben. Zweifel ist der Verrat an den M\u00f6glichkeiten.<\/h4>\n<h4><strong><span style=\"font-size: 18pt;\">Thomas Caspar 2023<\/span><\/strong><\/h4>\n<h4>Wenn du akzeptierst das es so ist wie es ist, wirst du deinen Frieden finden.<\/h4>\n<h4><strong><span style=\"font-size: 18pt;\">Thomas Caspar 2023<\/span><\/strong><\/h4>\n<h4>L\u00f6se dich von deinen \u00c4ngsten und Zweifel und du wirst frei sein.<\/h4>\n<h4><strong><span style=\"font-size: 18pt;\">Thomas Caspar 2024<\/span><\/strong><\/h4>\n<h4>Die Wertung gibt dem Nichts eine Form, sobald wir uns f\u00fcr eine Form entschieden haben, vergessen wir, wie es war.<\/h4>\n<h4><strong><span style=\"font-size: 18pt;\">Thomas Caspar 2024<\/span><\/strong><\/h4>\n<h4>Einst ertrank ich in Erwartungen, Verlor mich in fremdem Klang. Der Rhythmus ist meine Rettung, Jeder Herz-Schlag wird zu meinem Heim.<\/h4>\n<h4><strong><span style=\"font-size: 18pt;\">Thomas Caspar 2025<\/span><\/strong><\/h4>\n<h4>Ich bin der Funke, ich bin die Flamme.<\/h4>\n<h4><strong><span style=\"font-size: 18pt;\">Thomas Caspar 2025<\/span><\/strong><\/h4>\n<h4>Loslassen und erkennen, was wir in unserem Bewussten Dasein alles erschaffen k\u00f6nnen.<\/h4>\n<h4><strong><span style=\"font-size: 18pt;\">Thomas Caspar 2025<\/span><\/strong><\/h4>\n<h4>Ein einfaches Leben bedeutet nicht arm zu sein, es erf\u00fcllt einem mit Klrarheit.<\/h4>\n<h4>\u00a0<\/h4>\n<p>\u00a0<\/p>\n<p>\u00a0<\/p>\n<\/div>\n<\/div>\n<\/div>\n<\/div>\n<p><!-- \/wp:paragraph --><\/p>\t\t\t\t\t\t\t\t<\/div>\n\t\t\t\t<\/div>\n\t\t\t\t\t<\/div>\n\t\t<\/div>\n\t\t\t\t\t<\/div>\n\t\t<\/section>\n\t\t\t\t<\/div>\n\t\t","protected":false},"excerpt":{"rendered":"<p>\u00a0 \u00a0 \u00a0 \u00a0 \u00a0 \u00a0 \u00a0 \u00a0 \u00a0 \u00a0 \u00a0 \u00a0 \u00a0Meine Gedanken in Zitate gefasst \u00a0 Philosophien und\u00a0 Sprichw\u00f6rter sind Wortspiele, die versuchen unerkl\u00e4rbares oder Erkenntnisse greifbar zu [&hellip;]<\/p>\n","protected":false},"author":1,"featured_media":61,"parent":0,"menu_order":0,"comment_status":"closed","ping_status":"closed","template":"elementor_header_footer","meta":{"footnotes":""},"class_list":["post-234","page","type-page","status-publish","has-post-thumbnail","hentry"],"_links":{"self":[{"href":"https:\/\/lunaworld.blog\/index.php\/wp-json\/wp\/v2\/pages\/234","targetHints":{"allow":["GET"]}}],"collection":[{"href":"https:\/\/lunaworld.blog\/index.php\/wp-json\/wp\/v2\/pages"}],"about":[{"href":"https:\/\/lunaworld.blog\/index.php\/wp-json\/wp\/v2\/types\/page"}],"author":[{"embeddable":true,"href":"https:\/\/lunaworld.blog\/index.php\/wp-json\/wp\/v2\/users\/1"}],"replies":[{"embeddable":true,"href":"https:\/\/lunaworld.blog\/index.php\/wp-json\/wp\/v2\/comments?post=234"}],"version-history":[{"count":621,"href":"https:\/\/lunaworld.blog\/index.php\/wp-json\/wp\/v2\/pages\/234\/revisions"}],"predecessor-version":[{"id":4081,"href":"https:\/\/lunaworld.blog\/index.php\/wp-json\/wp\/v2\/pages\/234\/revisions\/4081"}],"wp:featuredmedia":[{"embeddable":true,"href":"https:\/\/lunaworld.blog\/index.php\/wp-json\/wp\/v2\/media\/61"}],"wp:attachment":[{"href":"https:\/\/lunaworld.blog\/index.php\/wp-json\/wp\/v2\/media?parent=234"}],"curies":[{"name":"wp","href":"https:\/\/api.w.org\/{rel}","templated":true}]}}