{"id":45,"date":"2020-01-24T23:54:45","date_gmt":"2020-01-24T23:54:45","guid":{"rendered":"https:\/\/lunaworld.blog\/?page_id=45"},"modified":"2021-11-30T08:41:24","modified_gmt":"2021-11-30T08:41:24","slug":"ueber-mich","status":"publish","type":"page","link":"https:\/\/lunaworld.blog\/index.php\/ueber-mich\/","title":{"rendered":"\u00dcber mich"},"content":{"rendered":"\t\t<div data-elementor-type=\"wp-page\" data-elementor-id=\"45\" class=\"elementor elementor-45\" data-elementor-post-type=\"page\">\n\t\t\t\t\t\t<section class=\"elementor-section elementor-top-section elementor-element elementor-element-219b0827 elementor-section-boxed elementor-section-height-default elementor-section-height-default\" data-id=\"219b0827\" data-element_type=\"section\">\n\t\t\t\t\t\t<div class=\"elementor-container elementor-column-gap-default\">\n\t\t\t\t\t<div class=\"elementor-column elementor-col-100 elementor-top-column elementor-element elementor-element-511135e9\" data-id=\"511135e9\" data-element_type=\"column\">\n\t\t\t<div class=\"elementor-widget-wrap elementor-element-populated\">\n\t\t\t\t\t\t<div class=\"elementor-element elementor-element-723860ec elementor-widget elementor-widget-text-editor\" data-id=\"723860ec\" data-element_type=\"widget\" data-widget_type=\"text-editor.default\">\n\t\t\t\t<div class=\"elementor-widget-container\">\n\t\t\t\t\t\t\t\t\t<p><\/p>\n<h2>\u00a0<\/h2>\n<h1><strong>Hallo Ich bin Thomas Caspar<\/strong><\/h1>\n<h4>Aufgewachsen im Kanton Graub\u00fcnden. Heute lebe ich gr\u00f6\u00dften Teils in einer Jurte in der N\u00e4he von Z\u00fcrich. Ich bin Vater von drei Kindern, die mittlerweile auch schon gro\u00df sind. Schon fr\u00fch im Leben liebte ich es viele Dinge aus zu probieren. Einige erfolgreicher und andere weniger. Im zarten Alter von 21 habe ich mich, wenn auch nicht ganz freiwillig selbst\u00e4ndig gemacht. Das bin ich bis heute geblieben als, Autor, Blogger, Familienmanager, Nomade, Koch, Rettungsschwimmer, Fliesenleger und Geb\u00e4udetechniker. Das beantwortet vielleicht auch gerade Eure Frage. Warum besitze ich eine gewisse Erfahrung zu unterschiedlichen Themen? Mein Gehirn ist NICHT dazu geboren, um Sachverhalte auswendig zu lernen. Nein ich lebe von der Begeisterung neues zu entdecken. L\u00f6sen von Problemen, die sich auf unseren Lebenswegen ab und an ergeben. An den komplexen Lebensaufgaben, die mir gestellt wurden, bin ich gewachsen. Dazu geh\u00f6ren zwei Burnouts, Krankheiten und so manches mehr. Sie als Leser k\u00f6nnen von meinen Blog erwarten, dass es sich bei meinen Werken um selbst erlebte Abenteuer und Erfahrungen handelt.<\/h4>\n<h4>Zwischenzeitlich habe mich de-materialisiert. Damit meine ich: Alles auf ein Minimum reduziert. Sei es meine Kleidung, die M\u00f6bel und weitere Gegenst\u00e4nde wie Geschirr, usw. Alles ist genau auf mich ausgerichtet. Wenn Besuch zu mir kommt, wissen sie, dass sie selbst Besteck oder St\u00fchle mitbringen m\u00fcssen. Weil ich mich an das Nichts zu besitzen gewohnt bin, empfinde ich das nicht mehr als negativ, sondern als Befreiung. Heute lebe ich in einer Jurte ohne Strom und Wasser. Als K\u00fchlschrank dient mir ein Erdloch, welches ich ausgehoben habe. Das Beste an dieser Methode ist, du kommst gar nicht in Versuchung Lebensmittel oder Gegenst\u00e4nde im \u00dcberfluss zu kaufen. Mein Lebensstil h\u00f6rt sich krasser an als es ist. Es ist nicht so, dass ich jetzt ein wilder Freak geworden bin, sondern einfach bescheiden lebe. Das Smartphone funktioniert auch in der Jurte und Strom gibt es aus dem Power Akku. Kochen auf dem Feuer ist eine feine Sache und die K\u00f6rperpflege ist gel\u00f6st. Es geht mir blendend und es fehlt an nichts. Kein eigenes Haus oder eine Wohnung die der Bank oder dem Staat geh\u00f6ren. Kein Stress mit Putzen, Rasenpflege, Unterhalt und ein eigener Pool in Form eines See gibt es auch. Was will man mehr? Einfach herrlich! Das bedeutet nicht, das du jetzt auch so leben solltest, um Ruhe zu haben. Nein, finde dein eigenes Dach. Wenn es dir gef\u00e4llt, bleibe einfach genau da, wo du bist! Konzentration auf das Wesentliche, ist der Gedanke dahinter.<\/h4>\n<p><\/p>\t\t\t\t\t\t\t\t<\/div>\n\t\t\t\t<\/div>\n\t\t\t\t\t<\/div>\n\t\t<\/div>\n\t\t\t\t\t<\/div>\n\t\t<\/section>\n\t\t\t\t<section class=\"elementor-section elementor-top-section elementor-element elementor-element-dc36888 elementor-section-boxed elementor-section-height-default elementor-section-height-default\" data-id=\"dc36888\" data-element_type=\"section\">\n\t\t\t\t\t\t<div class=\"elementor-container elementor-column-gap-default\">\n\t\t\t\t\t<div class=\"elementor-column elementor-col-100 elementor-top-column elementor-element elementor-element-1bce7ba\" data-id=\"1bce7ba\" data-element_type=\"column\">\n\t\t\t<div class=\"elementor-widget-wrap elementor-element-populated\">\n\t\t\t\t\t\t<div class=\"elementor-element elementor-element-6728974 elementor-widget elementor-widget-text-editor\" data-id=\"6728974\" data-element_type=\"widget\" data-widget_type=\"text-editor.default\">\n\t\t\t\t<div class=\"elementor-widget-container\">\n\t\t\t\t\t\t\t\t\t<h2><strong>Videobeitrag \u00fcber Mich und meiner Jurte<\/strong><\/h2>\t\t\t\t\t\t\t\t<\/div>\n\t\t\t\t<\/div>\n\t\t\t\t\t<\/div>\n\t\t<\/div>\n\t\t\t\t\t<\/div>\n\t\t<\/section>\n\t\t\t\t<section class=\"elementor-section elementor-top-section elementor-element elementor-element-cc2c796 elementor-section-boxed elementor-section-height-default elementor-section-height-default\" data-id=\"cc2c796\" data-element_type=\"section\">\n\t\t\t\t\t\t<div class=\"elementor-container elementor-column-gap-default\">\n\t\t\t\t\t<div class=\"elementor-column elementor-col-100 elementor-top-column elementor-element elementor-element-e07ebc9\" data-id=\"e07ebc9\" data-element_type=\"column\">\n\t\t\t<div class=\"elementor-widget-wrap elementor-element-populated\">\n\t\t\t\t\t\t<div class=\"elementor-element elementor-element-a4f3111 elementor-widget elementor-widget-video\" data-id=\"a4f3111\" data-element_type=\"widget\" data-settings=\"{&quot;youtube_url&quot;:&quot;https:\\\/\\\/youtu.be\\\/Jje0R-VHsIE&quot;,&quot;video_type&quot;:&quot;youtube&quot;,&quot;controls&quot;:&quot;yes&quot;}\" data-widget_type=\"video.default\">\n\t\t\t\t<div class=\"elementor-widget-container\">\n\t\t\t\t\t\t\t<div class=\"elementor-wrapper elementor-open-inline\">\n\t\t\t<div class=\"elementor-video\"><\/div>\t\t<\/div>\n\t\t\t\t\t\t<\/div>\n\t\t\t\t<\/div>\n\t\t\t\t\t<\/div>\n\t\t<\/div>\n\t\t\t\t\t<\/div>\n\t\t<\/section>\n\t\t\t\t<\/div>\n\t\t","protected":false},"excerpt":{"rendered":"<p>\u00a0 Hallo Ich bin Thomas Caspar Aufgewachsen im Kanton Graub\u00fcnden. Heute lebe ich gr\u00f6\u00dften Teils in einer Jurte in der N\u00e4he von Z\u00fcrich. Ich bin Vater von drei Kindern, die [&hellip;]<\/p>\n","protected":false},"author":1,"featured_media":1161,"parent":0,"menu_order":0,"comment_status":"closed","ping_status":"closed","template":"elementor_header_footer","meta":{"footnotes":""},"class_list":["post-45","page","type-page","status-publish","has-post-thumbnail","hentry"],"_links":{"self":[{"href":"https:\/\/lunaworld.blog\/index.php\/wp-json\/wp\/v2\/pages\/45","targetHints":{"allow":["GET"]}}],"collection":[{"href":"https:\/\/lunaworld.blog\/index.php\/wp-json\/wp\/v2\/pages"}],"about":[{"href":"https:\/\/lunaworld.blog\/index.php\/wp-json\/wp\/v2\/types\/page"}],"author":[{"embeddable":true,"href":"https:\/\/lunaworld.blog\/index.php\/wp-json\/wp\/v2\/users\/1"}],"replies":[{"embeddable":true,"href":"https:\/\/lunaworld.blog\/index.php\/wp-json\/wp\/v2\/comments?post=45"}],"version-history":[{"count":27,"href":"https:\/\/lunaworld.blog\/index.php\/wp-json\/wp\/v2\/pages\/45\/revisions"}],"predecessor-version":[{"id":2675,"href":"https:\/\/lunaworld.blog\/index.php\/wp-json\/wp\/v2\/pages\/45\/revisions\/2675"}],"wp:featuredmedia":[{"embeddable":true,"href":"https:\/\/lunaworld.blog\/index.php\/wp-json\/wp\/v2\/media\/1161"}],"wp:attachment":[{"href":"https:\/\/lunaworld.blog\/index.php\/wp-json\/wp\/v2\/media?parent=45"}],"curies":[{"name":"wp","href":"https:\/\/api.w.org\/{rel}","templated":true}]}}